19
Calculate the remainder when 149 is divided by 59.
31
Calculate the remainder when 250 is divided by 15.
10
Calculate the remainder when 647 is divided by 72.
71
What is the remainder when 426 is divided by 54?
48
What is the remainder when 7477 is divided by 19?
10
Calculate the remainder when 2491 is divided by 58.
55
What is the remainder when 12856 is divided by 299?
298
What is the remainder when 129 is divided by 45?
39
What is the remainder when 883 is divided by 150?
133
Calculate the remainder when 260 is divided by 28.
8
Calculate the remainder when 597 is divided by 40.
37
What is the remainder when 493 is divided by 62?
59
Calculate the remainder when 45 is divided by 28.
17
Calculate the remainder when 963 is divided by 197.
175
What is the remainder when 783 is divided by 22?
13
What is the remainder when 534 is divided by 82?
42
Calculate the remainder when 2710 is divided by 63.
1
Calculate the remainder when 1240 is divided by 173.
29
Calculate the remainder when 31 is divided by 11.
9
What is the remainder when 7483 is divided by 20?
3
What is the remainder when 961 is divided by 190?
11
Calculate the remainder when 2373 is divided by 12.
9
Calculate the remainder when 1245 is divided by 30.
15
What is the remainder when 3958 is divided by 10?
8
Calculate the remainder when 247 is divided by 122.
3
What is the remainder when 770 is divided by 151?
15
What is the remainder when 757 is divided by 229?
70
Calculate the remainder when 107 is divided by 22.
19
Calculate the remainder when 61 is divided by 3.
1
Calculate the remainder when 237 is divided by 6.
3
Calculate the remainder when 160 is divided by 114.
46
What is the remainder when 723 is divided by 33?
30
What is the remainder when 603 is divided by 19?
14
Calculate the remainder when 664 is divided by 212.
28
What is the remainder when 759 is divided by 15?
9
What is the remainder when 3443 is divided by 42?
41
Calculate the remainder when 51 is divided by 7.
2
What is the remainder when 87 is divided by 26?
9
Calculate the remainder when 88 is divided by 6.
4
What is the remainder when 39 is divided by 21?
18
What is the remainder when 1436 is divided by 205?
1
What is the remainder when 419 is divided by 42?
41
What is the remainder when 510 is divided by 14?
6
Calculate the remainder when 87 is divided by 53.
34
What is the remainder when 11554 is divided by 7?
4
Calculate the remainder when 131 is divided by 9.
5
What is the remainder when 339 is divided by 63?
24
What is the remainder when 1368 is divided by 11?
4
Calculate the remainder when 47 is divided by 28.
19
Calculate the remainder when 3255 is divided by 74.
73
What is the remainder when 70 is divided by 19?
13
What is the remainder when 17807 is divided by 84?
83
What is the remainder when 175 is divided by 9?
4
Calculate the remainder when 45 is divided by 33.
12
Calculate the remainder when 333 is divided by 54.
9
What is the remainder when 94 is divided by 8?
6
Calculate the remainder when 936 is divided by 14.
12
Calculate the remainder when 2142 is divided by 65.
62
Calculate the remainder when 3357 is divided by 20.
17
What is the remainder when 94 is divided by 19?
18
Calculate the remainder when 1108 is divided by 37.
35
Calculate the remainder when 366 is divided by 104.
54
What is the remainder when 882 is divided by 134?
78
Calculate the remainder when 404 is divided by 24.
20
What is the remainder when 163 is divided by 153?
10
What is the remainder when 4487 is divided by 136?
135
What is the remainder when 326 is divided by 10?
6
Calculate the remainder when 249 is divided by 164.
85
Calculate the remainder when 160 is divided by 29.
15
What is the remainder when 20 is divided by 7?
6
Calculate the remainder when 110 is divided by 37.
36
Calculate the remainder when 4053 is divided by 24.
21
What is the remainder when 170 is divided by 23?
9
Calculate the remainder when 99 is divided by 37.
25
Calculate the remainder when 706 is divided by 182.
160
What is the remainder when 25507 is divided by 33?
31
What is the remainder when 239 is divided by 31?
22
What is the remainder when 376 is divided by 27?
25
Calculate the remainder when 51 is divided by 6.
3
What is the remainder when 1426 is divided by 34?
32
What is the remainder when 4639 is divided by 116?
115
Calculate the remainder when 1392 is divided by 345.
12
What is the remainder when 124 is divided by 29?
8
What is the remainder when 1258 is divided by 28?
26
Calculate the remainder when 1143 is divided by 44.
43
What is the remainder when 7716 is divided by 2566?
18
Calculate the remainder when 3281 is divided by 1633.
15
What is the remainder when 490 is divided by 72?
58
What is the remainder when 21059 is divided by 135?
134
What is the remainder when 252 is divided by 237?
15
What is the remainder when 30 is divided by 18?
12
What is the remainder when 22110 is divided by 27?
24
What is the remainder when 205 is divided by 42?
37
What is the remainder when 129 is divided by 63?
3
What is the remainder when 115 is divided by 33?
16
What is the remainder when 20785 is divided by 14?
9
What is the remainder when 1697 is divided by 10?
7
What is the remainder when 1360 is divided by 95?
30
Calculate the remainder when 11428 is divided by 71.
68
Calculate the remainder when 559 is divided by 140.
139
What is the remainder when 269 is divided by 32?
13
Calculate the remainder when 5651 is divided by 27.
8
Calculate the remainder when 190 is divided by 90.
10
What is the remainder when 38 is divided by 6?
2
Calculate the remainder when 96 is divided by 10.
6
What is the remainder when 188 is divided by 24?
20
What is the remainder when 116 is divided by 27?
8
What is the remainder when 1027 is divided by 49?
47
Calculate the remainder when 89 is divided by 37.
15
Calculate the remainder when 333 is divided by 127.
79
What is the remainder when 57 is divided by 36?
21
Calculate the remainder when 63 is divided by 25.
13
What is the remainder when 113 is divided by 19?
18
What is the remainder when 23 is divided by 9?
5
Calculate the remainder when 250 is divided by 32.
26
What is the remainder when 161 is divided by 28?
21
What is the remainder when 190 is divided by 39?
34
What is the remainder when 366 is divided by 74?
70
Calculate the remainder when 1048 is divided by 120.
88
Calculate the remainder when 11809 is divided by 28.
21
What is the remainder when 185 is divided by 106?
79
What is the remainder when 81 is divided by 23?
12
What is the remainder when 972 is divided by 51?
3
What is the remainder when 62 is divided by 39?
23
Calculate the remainder when 9 is divided by 2.
1
What is the remainder when 1605 is divided by 321?
0
Calculate the remainder when 510 is divided by 75.
60
Calculate the remainder when 46 is divided by 19.
8
What is the remainder when 193 is divided by 68?
57
What is the remainder when 603 is divided by 122?
115
What is the remainder when 319 is divided by 44?
11
What is the remainder when 2437 is divided by 174?
1
Calculate the remainder when 631 is divided by 56.
15
Calculate the remainder when 1322 is divided by 51.
47
Calculate the remainder when 440 is divided by 63.
62
What is the remainder when 130 is divided by 21?
4
Calculate the remainder when 3135 is divided by 319.
264
Calculate the remainder when 895 is divided by 297.
4
What is the remainder when 319 is divided by 93?
40
What is the remainder when 13085 is divided by 1869?
2
What is the remainder when 662 is divided by 33?
2
What is the remainder when 261 is divided by 88?
85
Calculate the remainder when 1992 is divided by 29.
20
What is the remainder when 301 is divided by 17?
12
Calculate the remainder when 927 is divided by 16.
15
What is the remainder when 122 is divided by 65?
57
Calculate the remainder when 307 is divided by 18.
1
Calculate the remainder when 1053 is divided by 22.
19
Calculate the remainder when 12 is divided by 10.
2
What is the remainder when 186 is divided by 54?
24
What is the remainder when 1997 is divided by 398?
7
What is the remainder when 250 is divided by 239?
11
What is the remainder when 1258 is divided by 63?
61
Calculate the remainder when 126 is divided by 9.
0
Calculate the remainder when 563